{"id":8,"date":"2019-07-23T12:41:11","date_gmt":"2019-07-23T15:41:11","guid":{"rendered":"https:\/\/www.ticyeducacion.faud.unsj.edu.ar\/?page_id=8"},"modified":"2022-05-11T19:11:42","modified_gmt":"2022-05-11T22:11:42","slug":"clases","status":"publish","type":"page","link":"https:\/\/www.ticyeducacion.faud.unsj.edu.ar\/index.php\/clases\/","title":{"rendered":"Clases"},"content":{"rendered":"<h1>Clase 8: Actividades con el blog<\/h1>\n<h3><a href=\"https:\/\/www.ticyeducacion.faud.unsj.edu.ar\/wp-content\/uploads\/2019\/10\/clase-secuencia-didactica2019.pdf\" target=\"_blank\" rel=\"noopener noreferrer\"><img decoding=\"async\" class=\"alignnone wp-image-168\" src=\"https:\/\/www.ticyeducacion.faud.unsj.edu.ar\/wp-content\/uploads\/2019\/08\/desacargapower.jpg\" alt=\"\" width=\"33\" height=\"32\" srcset=\"https:\/\/www.ticyeducacion.faud.unsj.edu.ar\/wp-content\/uploads\/2019\/08\/desacargapower.jpg 61w, https:\/\/www.ticyeducacion.faud.unsj.edu.ar\/wp-content\/uploads\/2019\/08\/desacargapower-60x60.jpg 60w\" sizes=\"(max-width: 33px) 100vw, 33px\" \/><\/a>\u00a0Secuencia did\u00e1ctica<\/h3>\n<h3>Lecturas recomendadas:<\/h3>\n<p><a href=\"https:\/\/www.ticyeducacion.faud.unsj.edu.ar\/wp-content\/uploads\/2019\/10\/Gu\u00eda-secuencias-didacticas_D\u00edazBarriga-1.pdf\"><img decoding=\"async\" class=\"wp-image-169 alignleft\" src=\"https:\/\/www.ticyeducacion.faud.unsj.edu.ar\/wp-content\/uploads\/2019\/08\/descargapdf.png\" alt=\"\" width=\"34\" height=\"33\" \/><\/a>D\u00edaz Barriga, A. (2013) Gu\u00eda para la elaboraci\u00f3n de una secuencia didactica. Comunidad de conocimiento Universidad Nacional Aut\u00f3noma de M\u00e9xico.<\/p>\n<h1>Clase 8: Herramientas de Google<\/h1>\n<h3><a href=\"https:\/\/www.ticyeducacion.faud.unsj.edu.ar\/wp-content\/uploads\/2019\/10\/claseformularios2019.pdf\" target=\"_blank\" rel=\"noopener noreferrer\"><img decoding=\"async\" class=\"alignnone wp-image-168\" src=\"https:\/\/www.ticyeducacion.faud.unsj.edu.ar\/wp-content\/uploads\/2019\/08\/desacargapower.jpg\" alt=\"\" width=\"32\" height=\"31\" srcset=\"https:\/\/www.ticyeducacion.faud.unsj.edu.ar\/wp-content\/uploads\/2019\/08\/desacargapower.jpg 61w, https:\/\/www.ticyeducacion.faud.unsj.edu.ar\/wp-content\/uploads\/2019\/08\/desacargapower-60x60.jpg 60w\" sizes=\"(max-width: 32px) 100vw, 32px\" \/><\/a>\u00a0Herramientas de Google<\/h3>\n<h3>Lecturas recomendadas:<\/h3>\n<div class=\"article-titles\">\n<h3 class=\"article-title\">Google y Microsoft se (entro)meten en la educaci\u00f3n<\/h3>\n<\/div>\n<div class=\"article-main-media\">\n<div class=\"article-main-media-header\">\n<div class=\"article-author\">Por\u00a0<a class=\"no-link\">B\u00e1rbara Panico<\/a>\u00a0y\u00a0<a href=\"https:\/\/www.pagina12.com.ar\/autores\/12235-esteban-magnani\">Esteban Magnani<\/a><\/div>\n<\/div>\n<\/div>\n<p><a href=\"https:\/\/www.pagina12.com.ar\/224001-google-y-microsoft-se-entro-meten-en-la-educacion\" target=\"_blank\" rel=\"noopener noreferrer\">https:\/\/www.pagina12.com.ar\/224001-google-y-microsoft-se-entro-meten-en-la-educacion<\/a><\/p>\n<h3 class=\"pg-headline\">El desembarco de Google en la escuela p\u00fablica catalana pone en alerta a las familias<\/h3>\n<p><a href=\"https:\/\/www.eldiario.es\/catalunya\/privacidad-hijos-manos-Google_0_940706392.html\" target=\"_blank\" rel=\"noopener noreferrer\">https:\/\/www.eldiario.es\/catalunya\/privacidad-hijos-manos-Google_0_940706392.html<\/a><\/p>\n<h1>Clase 7: Complementos o plugins<\/h1>\n<p>En esta clase intentaremos tomar contacto con lo que en la jerga computacional se denomina plugin (del ingl\u00e9s <em>plug in<\/em>= conectar).\u00a0 Los plugins son m\u00f3dulos independientes que a\u00f1aden determinadas funcionalidades a nuestro blog. La variedad de estas funcionalidades es muy amplia. Un ejemplo de lo que podemos incluir en nuestros blogs mediante plugins son:<\/p>\n<ul>\n<li>formularios de contacto,<\/li>\n<li>foros ,<\/li>\n<li>iconos de redes sociales para compartir<\/li>\n<li>galer\u00edas de videos<\/li>\n<li>carrusel de im\u00e1genes<\/li>\n<li>muestra del contenido de archivos pdf<\/li>\n<li>contador de d\u00edas para un evento<\/li>\n<li>estad\u00edsticas de visitas al blog<\/li>\n<li>prevenci\u00f3n de ingreso de <em>spam<\/em> y ataques externos<\/li>\n<li>otros<\/li>\n<\/ul>\n<p>Le invitamos a ver el siguiente video que ilustra c\u00f3mo buscar y seleccionar el plugin m\u00e1s adecuado para nuestras necesidades y que facilitar\u00e1 las tareas previstas en el siguiente trabajo pr\u00e1ctico, cuya gu\u00eda se encuentra disponible en la pesta\u00f1a Trabajos pr\u00e1cticos\/gu\u00edas de este Blog.<\/p>\n<p><iframe src=\"https:\/\/www.youtube.com\/embed\/4zPeW9Rucl8\" width=\"560\" height=\"315\" frameborder=\"0\" allowfullscreen=\"allowfullscreen\"><\/iframe><\/p>\n<h4><a href=\"https:\/\/www.ticyeducacion.faud.unsj.edu.ar\/wp-content\/uploads\/2019\/10\/clase7-plugins-virtual.pdf\" target=\"_blank\" rel=\"noopener noreferrer\"><img loading=\"lazy\" decoding=\"async\" class=\"alignnone wp-image-168\" src=\"https:\/\/www.ticyeducacion.faud.unsj.edu.ar\/wp-content\/uploads\/2019\/08\/desacargapower.jpg\" alt=\"\" width=\"38\" height=\"37\" srcset=\"https:\/\/www.ticyeducacion.faud.unsj.edu.ar\/wp-content\/uploads\/2019\/08\/desacargapower.jpg 61w, https:\/\/www.ticyeducacion.faud.unsj.edu.ar\/wp-content\/uploads\/2019\/08\/desacargapower-60x60.jpg 60w\" sizes=\"(max-width: 38px) 100vw, 38px\" \/><\/a>\u00a0Algo m\u00e1s sobre Plugins<\/h4>\n<h2 style=\"text-align: center;\">Actividad pr\u00e1ctica de la Clase 7<\/h2>\n<p>Una vez vistos el video y la presentaci\u00f3n de Power Point sobre plugins, le proponemos que:<\/p>\n<ol>\n<li>Piense qu\u00e9 funcionalidad\/es querr\u00eda agregarle a su blog segun los prop\u00f3sitos \u00a0que usted \u00a0plante\u00f3\u00a0 en el Trabajo pr\u00e1ctico 2 y las describa por escrito en un documento de Word.\u00a0 Explique para qu\u00e9 incluir\u00eda esa funcionalidad y de qu\u00e9 manera la usar\u00eda para interactuar con sus estudiantes, para mejorar la apariencia del blog, etc. Guarde el documento para presentarlo en la pr\u00f3xima clase.<\/li>\n<li>Realice una b\u00fasqueda con Google de informaci\u00f3n sobre <em>plugins<\/em> que podr\u00edan ofrecerle las funcionalidades descritas anteriormente.<\/li>\n<li>Seleccione la informaci\u00f3n sobre el o los <em>plugins<\/em> que querr\u00eda instalar y elabore por escrito una descripci\u00f3n breve de cada uno (no m\u00e1s de 100 palabras), para compartirla con el resto del curso. Para completar la descripci\u00f3n elaborada, desde su blog, <strong><em>Plugins\/A\u00f1adir nuevo<\/em><\/strong> busque el\/los <em>plugins<\/em> seleccionados e indague en:\n<ul>\n<li>cantidad de instalaciones activas,<\/li>\n<li>fecha de \u00faltima actualizaci\u00f3n.<\/li>\n<li>Cantidad de estrellas<\/li>\n<li>compatibilidad con su versi\u00f3n de WordPress<\/li>\n<\/ul>\n<\/li>\n<li>De ser posible este viernes 4 de octubre (y de no serlo, antes de la siguiente clase presencial) publique toda la descripci\u00f3n en la ranura <strong>Comentarios <\/strong>al final de esta p\u00e1gina y f\u00edrmela con su nombre.\u00a0 De esta manera todo el curso podr\u00e1 compartir su experiencia y\u00a0 aprovecharla para enriquecer los blogs.<\/li>\n<li>Si se tiene confianza, instale el <em>plugin<\/em> en su blog y config\u00farelo. En caso contrario disp\u00f3ngase a hacerlo con ayuda de los docentes durante la pr\u00f3xima clase presencial.<\/li>\n<\/ol>\n<h1 style=\"text-align: center;\">Si ha llegado hasta aqu\u00ed,<\/h1>\n<h1 style=\"text-align: center;\">\u00a1\u00a1\u00a1Felicitaciones, esperamos su aporte!!!!<\/h1>\n<p>Recuerde que el d\u00eda 4 de octubre en horario de 17 a 18hs estaremos en l\u00ednea para responder dudas sobre las actividades a realizar.\u00a0 Podr\u00e1 escribir en la ranura Comentarios al final de esta p\u00e1gina y le responderemos a la brevedad.<\/p>\n<p>&nbsp;<\/p>\n<hr \/>\n<h1>Clase 4: Gr\u00e1ficos digitales<\/h1>\n<h3>Lecturas recomendadas<\/h3>\n<p><a href=\"https:\/\/www.ticyeducacion.faud.unsj.edu.ar\/wp-content\/uploads\/2019\/09\/manual_introduccion_gimp.pdf\" target=\"_blank\" rel=\"noopener noreferrer\"><img loading=\"lazy\" decoding=\"async\" class=\"alignnone wp-image-169\" src=\"https:\/\/www.ticyeducacion.faud.unsj.edu.ar\/wp-content\/uploads\/2019\/08\/descargapdf.png\" alt=\"\" width=\"35\" height=\"34\" \/><\/a>\u00a0 Marin Amatller, A. (s\/f) Manual de introducci\u00f3n a Gimp. UOC.<\/p>\n<p><a href=\"https:\/\/www.ticyeducacion.faud.unsj.edu.ar\/wp-content\/uploads\/2019\/09\/material_graficos-vectoriales-pixelares.zip\" target=\"_blank\" rel=\"noopener noreferrer\"><img loading=\"lazy\" decoding=\"async\" class=\"alignnone wp-image-168\" src=\"https:\/\/www.ticyeducacion.faud.unsj.edu.ar\/wp-content\/uploads\/2019\/08\/desacargapower.jpg\" alt=\"\" width=\"38\" height=\"37\" srcset=\"https:\/\/www.ticyeducacion.faud.unsj.edu.ar\/wp-content\/uploads\/2019\/08\/desacargapower.jpg 61w, https:\/\/www.ticyeducacion.faud.unsj.edu.ar\/wp-content\/uploads\/2019\/08\/desacargapower-60x60.jpg 60w\" sizes=\"(max-width: 38px) 100vw, 38px\" \/><\/a>\u00a0Balmaceda, M. (2014) Apunte de clases del Requisito de Inform\u00e1tica de la FAUD UNSJ.<\/p>\n<hr \/>\n<h1>Clase 3: Blogs y educaci\u00f3n<\/h1>\n<h3><a href=\"https:\/\/www.ticyeducacion.faud.unsj.edu.ar\/wp-content\/uploads\/2019\/09\/Clase-3-cc-2019.pdf\" target=\"_blank\" rel=\"noopener noreferrer\"><img loading=\"lazy\" decoding=\"async\" class=\"wp-image-168 alignleft\" src=\"https:\/\/www.ticyeducacion.faud.unsj.edu.ar\/wp-content\/uploads\/2019\/08\/desacargapower.jpg\" alt=\"\" width=\"32\" height=\"31\" srcset=\"https:\/\/www.ticyeducacion.faud.unsj.edu.ar\/wp-content\/uploads\/2019\/08\/desacargapower.jpg 61w, https:\/\/www.ticyeducacion.faud.unsj.edu.ar\/wp-content\/uploads\/2019\/08\/desacargapower-60x60.jpg 60w\" sizes=\"(max-width: 32px) 100vw, 32px\" \/><\/a><b>Formas de respetar derechos sobre la propiedad intelectual propia y ajena<\/b><\/h3>\n<h3>Lecturas recomendadas:<\/h3>\n<p><a href=\"https:\/\/www.ticyeducacion.faud.unsj.edu.ar\/wp-content\/uploads\/2019\/09\/Vercelli-2006.pdf\" target=\"_blank\" rel=\"noopener noreferrer\"><img loading=\"lazy\" decoding=\"async\" class=\"alignnone wp-image-169\" src=\"https:\/\/www.ticyeducacion.faud.unsj.edu.ar\/wp-content\/uploads\/2019\/08\/descargapdf.png\" alt=\"\" width=\"34\" height=\"34\" \/><\/a> \u00a0 \u00a0 \u00a0 \u00a0Vercelli, A (2006) <em>Aprender la libertad<\/em>.\u00a0Obra digital. Ciudad Aut\u00f3noma de Buenos Aires, Argentina<\/p>\n<p><a href=\"https:\/\/www.ticyeducacion.faud.unsj.edu.ar\/wp-content\/uploads\/2019\/09\/Vercelli-2009.pdf\" target=\"_blank\" rel=\"noopener noreferrer\"><img loading=\"lazy\" decoding=\"async\" class=\"alignnone wp-image-169\" src=\"https:\/\/www.ticyeducacion.faud.unsj.edu.ar\/wp-content\/uploads\/2019\/08\/descargapdf.png\" alt=\"\" width=\"35\" height=\"34\" \/><\/a>\u00a0 \u00a0 \u00a0 \u00a0 Vercelli, A. (2009) <em>Gu\u00eda de licencias Creative Commons<\/em>. Ciudad Aut\u00f3noma de Buenos Aires, Argentina<\/p>\n<hr \/>\n<h1>Clase 2:\u00a0<b><i>Acerca de una estrategia de comunicaci\u00f3n pedag\u00f3gica y un blog<\/i><\/b><\/h1>\n<h3>\u00a0 \u00a0<a href=\"https:\/\/www.ticyeducacion.faud.unsj.edu.ar\/wp-content\/uploads\/2019\/08\/clase2-2019.pdf\" target=\"_blank\" rel=\"noopener noreferrer\"><img loading=\"lazy\" decoding=\"async\" class=\"alignnone wp-image-168\" src=\"https:\/\/www.ticyeducacion.faud.unsj.edu.ar\/wp-content\/uploads\/2019\/08\/desacargapower.jpg\" alt=\"\" width=\"31\" height=\"30\" srcset=\"https:\/\/www.ticyeducacion.faud.unsj.edu.ar\/wp-content\/uploads\/2019\/08\/desacargapower.jpg 61w, https:\/\/www.ticyeducacion.faud.unsj.edu.ar\/wp-content\/uploads\/2019\/08\/desacargapower-60x60.jpg 60w\" sizes=\"(max-width: 31px) 100vw, 31px\" \/>\u00a0<\/a>\u00a0 \u00a0\u00a0Acerca de una estrategia de comunicaci\u00f3n pedag\u00f3gica y un blog<\/h3>\n<h3><a href=\"https:\/\/www.ticyeducacion.faud.unsj.edu.ar\/wp-content\/uploads\/2019\/08\/clase2-23-agosto_2019_Maquetado.pdf\" target=\"_blank\" rel=\"noopener noreferrer\">\u00a0\u00a0<img loading=\"lazy\" decoding=\"async\" class=\"alignnone wp-image-168\" src=\"https:\/\/www.ticyeducacion.faud.unsj.edu.ar\/wp-content\/uploads\/2019\/08\/desacargapower.jpg\" alt=\"\" width=\"31\" height=\"30\" srcset=\"https:\/\/www.ticyeducacion.faud.unsj.edu.ar\/wp-content\/uploads\/2019\/08\/desacargapower.jpg 61w, https:\/\/www.ticyeducacion.faud.unsj.edu.ar\/wp-content\/uploads\/2019\/08\/desacargapower-60x60.jpg 60w\" sizes=\"(max-width: 31px) 100vw, 31px\" \/><\/a>\u00a0 \u00a0 \u00a0 Maquetado<\/h3>\n<h3>Lecturas recomendadas:<\/h3>\n<ul>\n<li>Balmaceda, M., Mas, A., Diaz, V. (2014) Materiales did\u00e1cticos en soporte digital: una metodolog\u00eda para su producci\u00f3n.\u00a0 En Ghilardi, L., Molina G., Alessio, G. Piegaia, L. &amp; Loza, A. (2014) (comp.) <em>Herramientas tecnol\u00f3gicas para un aprendizaje colaborativo.<\/em> Libro de Ponencias del Congreso de TIC. San Juan: Fondo Editorial de la Universidad Cat\u00f3lica de Cuyo. [en soporte digital] P\u00e1g. 243-258.<\/li>\n<\/ul>\n<p><a href=\"https:\/\/www.ticyeducacion.faud.unsj.edu.ar\/wp-content\/uploads\/2019\/08\/Balmaceda-Mas-Diaz_2014.pdf\" target=\"_blank\" rel=\"noopener noreferrer\"><img loading=\"lazy\" decoding=\"async\" class=\"\" src=\"https:\/\/www.ticyeducacion.faud.unsj.edu.ar\/wp-content\/uploads\/2019\/08\/descargapdf.png\" width=\"25\" height=\"25\" \/><\/a><\/p>\n<ul>\n<li>Levis, D. (2011) El mundo en sus pantallas. En O. Getino, \u201cINDICADORES CULTURALES 2010\u201d (coord), Buenos Aires: UNTREF. Consultado en: <u><a href=\"https:\/\/www.academia.edu\/7729215\/EL_MUNDO_EN_SUS_PANTALLAS\">https:\/\/www.academia.edu\/7729215\/EL_MUNDO_EN_SUS_PANTALLAS<\/a><\/u><\/li>\n<\/ul>\n<p><a href=\"https:\/\/www.ticyeducacion.faud.unsj.edu.ar\/wp-content\/uploads\/2019\/08\/Levis2010.pdf\" target=\"_blank\" rel=\"noopener noreferrer\"><img loading=\"lazy\" decoding=\"async\" class=\"\" src=\"https:\/\/www.ticyeducacion.faud.unsj.edu.ar\/wp-content\/uploads\/2019\/08\/descargapdf.png\" width=\"25\" height=\"25\" \/><\/a><\/p>\n<ul>\n<li>Prieto Castillo, D. (2017) Construirse para educar. Caminos de la educomunicaci\u00f3n. <i>Chasqui. Revista Latinoamericana de Comunicaci\u00f3n<\/i> N\u00ba 135, agosto-noviembre 2017 (Secci\u00f3n Tribuna, pp. 17-32). Recuperado de <u>file:\/\/\/C:\/Users\/Marisa\/Downloads\/Dialnet-ConstruirseParaEducarCaminosDeLaEducomunicacion-6109991%20(1).pdf<\/u><\/li>\n<\/ul>\n<p><a href=\"https:\/\/www.ticyeducacion.faud.unsj.edu.ar\/wp-content\/uploads\/2019\/08\/PrietoCastillo-2017.pdf\" target=\"_blank\" rel=\"noopener noreferrer\"><img loading=\"lazy\" decoding=\"async\" class=\"\" src=\"https:\/\/www.ticyeducacion.faud.unsj.edu.ar\/wp-content\/uploads\/2019\/08\/descargapdf.png\" width=\"25\" height=\"25\" \/><\/a><\/p>\n<ul>\n<li>Prieto Castillo, D. (2012) Propuestas de principios para la pr\u00e1ctica de la tutor\u00eda virtual. Chasqui: Revista Latinoamericana de Comunicaci\u00f3n,\u00a0\u00a0N\u00ba. 117, 2012\u00a0,\u00a0(pp.\u00a037-40). Recuperado de <a href=\"https:\/\/dialnet.unirioja.es\/servlet\/articulo?codigo=5791113\">https:\/\/dialnet.unirioja.es\/servlet\/articulo?codigo=5791113<\/a><\/li>\n<\/ul>\n<p><a href=\"https:\/\/www.ticyeducacion.faud.unsj.edu.ar\/wp-content\/uploads\/2019\/08\/PrietoCastillo2012.pdf\" target=\"_blank\" rel=\"noopener noreferrer\"><img loading=\"lazy\" decoding=\"async\" class=\"\" src=\"https:\/\/www.ticyeducacion.faud.unsj.edu.ar\/wp-content\/uploads\/2019\/08\/descargapdf.png\" width=\"25\" height=\"25\" \/><\/a><\/p>\n<ul>\n<li>Verdeja Mu\u00f1iz, M. (2018) El papel de docentes y estudiantes en la sociedad de la informaci\u00f3n: conexiones con la pedagog\u00eda de Paulo Freire. \u00a0<u><i><a href=\"https:\/\/dialnet.unirioja.es\/servlet\/revista?codigo=16443\">Aularia<\/a><\/i><\/u><u><i><a href=\"https:\/\/dialnet.unirioja.es\/servlet\/revista?codigo=16443\">: Revista Digital de Comunicaci\u00f3n<\/a><\/i><\/u>,\u00a0\u00a0<u><a href=\"https:\/\/dialnet.unirioja.es\/ejemplar\/485353\">Vol. 7, N\u00ba. 2, 2018<\/a><\/u>,\u00a0p\u00e1gs.\u00a015-20<\/li>\n<\/ul>\n<p><a href=\"https:\/\/www.ticyeducacion.faud.unsj.edu.ar\/wp-content\/uploads\/2019\/08\/Verdeja-Muniz-2018.pdf\" target=\"_blank\" rel=\"noopener noreferrer\"><img loading=\"lazy\" decoding=\"async\" class=\"\" src=\"https:\/\/www.ticyeducacion.faud.unsj.edu.ar\/wp-content\/uploads\/2019\/08\/descargapdf.png\" width=\"25\" height=\"25\" \/><\/a><\/p>\n<hr \/>\n<h1>Clase 1: Blogs y educaci\u00f3n<\/h1>\n<h3><a href=\"https:\/\/www.ticyeducacion.faud.unsj.edu.ar\/wp-content\/uploads\/2019\/08\/CLASE1-2019.pdf\" target=\"_blank\" rel=\"noopener noreferrer\"><img loading=\"lazy\" decoding=\"async\" class=\"alignnone wp-image-168\" src=\"https:\/\/www.ticyeducacion.faud.unsj.edu.ar\/wp-content\/uploads\/2019\/08\/desacargapower.jpg\" alt=\"\" width=\"31\" height=\"30\" srcset=\"https:\/\/www.ticyeducacion.faud.unsj.edu.ar\/wp-content\/uploads\/2019\/08\/desacargapower.jpg 61w, https:\/\/www.ticyeducacion.faud.unsj.edu.ar\/wp-content\/uploads\/2019\/08\/desacargapower-60x60.jpg 60w\" sizes=\"(max-width: 31px) 100vw, 31px\" \/><\/a> Blogs y Educaci\u00f3n<\/h3>\n<h3>Lecturas recomendadas:<\/h3>\n<ul>\n<li>Behocaray, G. (2008) Blogs, la man\u00eda de contar. Cuaderno 4 del fasc\u00edculo5 Dise\u00f1o Multimedia. Programa conectar igualdad. Disponible en: <a href=\"https:\/\/www.educ.ar\/recursos\/125440\/blogs-la-mania-de-contar?coleccion=125400\">https:\/\/www.educ.ar\/recursos\/125440\/blogs-la-mania-de-contar?coleccion=125400\u00a0<\/a><\/li>\n<\/ul>\n<p><a href=\"https:\/\/www.ticyeducacion.faud.unsj.edu.ar\/wp-content\/uploads\/2019\/08\/Behocaray-2008.pdf\" target=\"_blank\" rel=\"noopener noreferrer\"><img loading=\"lazy\" decoding=\"async\" class=\"wp-image-169 alignleft\" src=\"https:\/\/www.ticyeducacion.faud.unsj.edu.ar\/wp-content\/uploads\/2019\/08\/descargapdf.png\" alt=\"\" width=\"26\" height=\"26\" \/><\/a><\/p>\n<ul>\n<li>Burbules, (2011) Entrevista en Educaci\u00f3n y tecnolog\u00edas: las voces de los expertos. Silvina Gvirtz y Constanza Necuzzi (comp.) CABA: ANSES. (pp. 19-27).<\/li>\n<\/ul>\n<p><a href=\"https:\/\/www.ticyeducacion.faud.unsj.edu.ar\/wp-content\/uploads\/2019\/08\/Burbules-2011.pdf\" target=\"_blank\" rel=\"noopener noreferrer\"><img loading=\"lazy\" decoding=\"async\" class=\"alignnone wp-image-169\" src=\"https:\/\/www.ticyeducacion.faud.unsj.edu.ar\/wp-content\/uploads\/2019\/08\/descargapdf.png\" alt=\"\" width=\"25\" height=\"25\" \/><\/a><\/p>\n<ul>\n<li>.Zangara, A. (2014) \u201cApostillas sobre los conceptos b\u00e1sicos de educaci\u00f3n a distancia o \u2026 una br\u00fajula en el mundo de la virtualidad\u201d. Material de estudio de la Maestr\u00eda en Tecnolog\u00eda aplicada en la educaci\u00f3n, de la UNLP.<\/li>\n<\/ul>\n<p><a href=\"https:\/\/www.ticyeducacion.faud.unsj.edu.ar\/wp-content\/uploads\/2019\/08\/Zangara-2014.pdf\" target=\"_blank\" rel=\"noopener noreferrer\"><img loading=\"lazy\" decoding=\"async\" class=\"alignnone wp-image-169\" src=\"https:\/\/www.ticyeducacion.faud.unsj.edu.ar\/wp-content\/uploads\/2019\/08\/descargapdf.png\" alt=\"\" width=\"25\" height=\"25\" \/><\/a><\/p>\n<hr \/>\n<p>&nbsp;<\/p>\n<hr \/>\n<p>&nbsp;<\/p>\n","protected":false},"excerpt":{"rendered":"<p>Clase 8: Actividades con el blog \u00a0Secuencia did\u00e1ctica Lecturas recomendadas: D\u00edaz Barriga, A. (2013) Gu\u00eda para la elaboraci\u00f3n de una secuencia didactica. Comunidad de conocimiento Universidad Nacional Aut\u00f3noma de M\u00e9xico&#8230;. <a href=\"https:\/\/www.ticyeducacion.faud.unsj.edu.ar\/index.php\/clases\/\">Leer m\u00e1s &raquo;<\/a><\/p>\n","protected":false},"author":1,"featured_media":0,"parent":0,"menu_order":0,"comment_status":"closed","ping_status":"closed","template":"","meta":{"_mc_calendar":[],"footnotes":""},"class_list":["post-8","page","type-page","status-publish","hentry"],"_links":{"self":[{"href":"https:\/\/www.ticyeducacion.faud.unsj.edu.ar\/index.php\/wp-json\/wp\/v2\/pages\/8","targetHints":{"allow":["GET"]}}],"collection":[{"href":"https:\/\/www.ticyeducacion.faud.unsj.edu.ar\/index.php\/wp-json\/wp\/v2\/pages"}],"about":[{"href":"https:\/\/www.ticyeducacion.faud.unsj.edu.ar\/index.php\/wp-json\/wp\/v2\/types\/page"}],"author":[{"embeddable":true,"href":"https:\/\/www.ticyeducacion.faud.unsj.edu.ar\/index.php\/wp-json\/wp\/v2\/users\/1"}],"replies":[{"embeddable":true,"href":"https:\/\/www.ticyeducacion.faud.unsj.edu.ar\/index.php\/wp-json\/wp\/v2\/comments?post=8"}],"version-history":[{"count":42,"href":"https:\/\/www.ticyeducacion.faud.unsj.edu.ar\/index.php\/wp-json\/wp\/v2\/pages\/8\/revisions"}],"predecessor-version":[{"id":763,"href":"https:\/\/www.ticyeducacion.faud.unsj.edu.ar\/index.php\/wp-json\/wp\/v2\/pages\/8\/revisions\/763"}],"wp:attachment":[{"href":"https:\/\/www.ticyeducacion.faud.unsj.edu.ar\/index.php\/wp-json\/wp\/v2\/media?parent=8"}],"curies":[{"name":"wp","href":"https:\/\/api.w.org\/{rel}","templated":true}]}}