{"id":101,"date":"2019-07-25T23:18:25","date_gmt":"2019-07-25T23:18:25","guid":{"rendered":"https:\/\/www.ticyeducacion.faud.unsj.edu.ar\/?page_id=101"},"modified":"2019-10-11T09:32:26","modified_gmt":"2019-10-11T12:32:26","slug":"guias","status":"publish","type":"page","link":"https:\/\/www.ticyeducacion.faud.unsj.edu.ar\/index.php\/guias\/","title":{"rendered":"gu\u00edas"},"content":{"rendered":"<h2>TRABAJO PR\u00c1CTICO 4<\/h2>\n<p><a href=\"https:\/\/www.ticyeducacion.faud.unsj.edu.ar\/wp-content\/uploads\/2019\/10\/guia-del-TP4-2019.pdf\" target=\"_blank\" rel=\"noopener\"><img decoding=\"async\" class=\"size-full wp-image-169 alignleft\" src=\"https:\/\/www.ticyeducacion.faud.unsj.edu.ar\/wp-content\/uploads\/2019\/08\/descargapdf.png\" alt=\"\" width=\"60\" height=\"59\" \/><\/a><\/p>\n<p>Desde este link puede descargar el archivo de la<strong> gu\u00eda del \u00faltimo <\/strong>\u00a0trabajo pr\u00e1ctico del curso, que de<span style=\"font-size: 1rem;\">sarrollaremos durante la clase del d\u00eda 18 de octubre .\u00a0 Hemos anticipado la puesta a disposici\u00f3n de esta gu\u00eda para facilitar que asista a la clase con los insumos necesarios para trabajar productivamente.<\/span><\/p>\n<h2>TRABAJO PR\u00c1CTICO 3<\/h2>\n<h3>Etapa 3<\/h3>\n<p><a href=\"https:\/\/www.ticyeducacion.faud.unsj.edu.ar\/wp-content\/uploads\/2019\/10\/guia-del-TP3-etapa-3.pdf\" target=\"_blank\" rel=\"noopener\"><img decoding=\"async\" class=\"size-full wp-image-169 alignleft\" src=\"https:\/\/www.ticyeducacion.faud.unsj.edu.ar\/wp-content\/uploads\/2019\/08\/descargapdf.png\" alt=\"\" width=\"60\" height=\"59\" \/><\/a>Desde este link puede descargar el archivo de la<strong> gu\u00eda de la tercera y \u00faltima etapa<\/strong> del trabajo pr\u00e1ctico 3 que de<span style=\"font-size: 1rem;\">sarrollaremos durante la octava clase del curso.\u00a0 Le sugerimos abrirlo y guardar como,\u00a0 en una\u00a0 carpeta denominada \u00abCurso blogs\u00bb en el disco Datos de su computadora. Tenga en cuenta que podr\u00e1 acceder a los art\u00edculos period\u00edsticos que necesitar\u00e1 leer, desde los links en la gu\u00eda o desde los links en la solapa \u00ablinks de inter\u00e9s\u00bb de este blog.<\/span><\/p>\n<h3>Etapa 2<\/h3>\n<p><a href=\"https:\/\/www.ticyeducacion.faud.unsj.edu.ar\/wp-content\/uploads\/2019\/09\/guia-del-TP3-ETAPA-2.pdf\" target=\"_blank\" rel=\"noopener\"><img decoding=\"async\" class=\"size-full wp-image-169 alignleft\" src=\"https:\/\/www.ticyeducacion.faud.unsj.edu.ar\/wp-content\/uploads\/2019\/08\/descargapdf.png\" alt=\"\" width=\"60\" height=\"59\" \/><\/a>\u00a0Desde este link puede descargar el archivo de la<strong> gu\u00eda de la segunda etapa<\/strong> del trabajo pr\u00e1ctico 3 que de<span style=\"font-size: 1rem;\">sarrollaremos durante la cuarta clase del curso.\u00a0 Le sugerimos abrirlo y guardar como,\u00a0 en una\u00a0 carpeta denominada \u00abCurso blogs\u00bb en el disco Datos de su computadora.\u00a0<\/span><\/p>\n<h3>Etapa 1<\/h3>\n<p><a href=\"https:\/\/www.ticyeducacion.faud.unsj.edu.ar\/wp-content\/uploads\/2019\/09\/guia-del-TP3-etapa1.pdf\" target=\"_blank\" rel=\"noopener\"><img decoding=\"async\" class=\"size-full wp-image-169 alignleft\" src=\"https:\/\/www.ticyeducacion.faud.unsj.edu.ar\/wp-content\/uploads\/2019\/08\/descargapdf.png\" alt=\"\" width=\"60\" height=\"59\" \/><\/a>Desde este link puede descargar el archivo de la<strong> gu\u00eda de la primera etapa<\/strong> del trabajo pr\u00e1ctico 3 que de<span style=\"font-size: 1rem;\">sarrollaremos durante la tercera clase del curso.\u00a0 Le sugerimos abrirlo y guardar como,\u00a0 en una\u00a0 carpeta denominada \u00abCurso blogs\u00bb en el disco Datos de su computadora.\u00a0<\/span><\/p>\n<p><a href=\"https:\/\/www.ticyeducacion.faud.unsj.edu.ar\/wp-content\/uploads\/2019\/09\/pautas-de-identidad-visual-BlogsFAUD.pdf\" target=\"_blank\" rel=\"noopener\"><img decoding=\"async\" class=\"size-full wp-image-169 alignleft\" src=\"https:\/\/www.ticyeducacion.faud.unsj.edu.ar\/wp-content\/uploads\/2019\/08\/descargapdf.png\" alt=\"\" width=\"60\" height=\"59\" \/><\/a>\u00a0Este documento contiene una gu\u00eda de las <strong>pautas<\/strong> a respetar por los docentes de la FAUD respecto a la <strong>identidad visual del Blog<\/strong>, de acuerdo con lo establecido por la Secretar\u00eda Acad\u00e9mica de la facultad para los blogs de C\u00e1tedra.<\/p>\n<hr \/>\n<p>&nbsp;<\/p>\n<h2>TRABAJO PR\u00c1CTICO 2<\/h2>\n<p>Desde este link puede descargar el archivo de la gu\u00eda del trabajo pr\u00e1ctico 2 que de<a style=\"font-size: 1rem; color: #0f3647;\" href=\"https:\/\/www.ticyeducacion.faud.unsj.edu.ar\/wp-content\/uploads\/2019\/08\/guia-del-TP2.docx\" target=\"_blank\" rel=\"noopener\"><img decoding=\"async\" class=\"size-full wp-image-167 alignleft\" src=\"https:\/\/www.ticyeducacion.faud.unsj.edu.ar\/wp-content\/uploads\/2019\/08\/descargadocx.png\" alt=\"\" width=\"60\" height=\"60\" \/><\/a><span style=\"font-size: 1rem;\">sarrollaremos durante la segunda clase del curso.\u00a0 Le sugerimos abrirlo y guardar como,\u00a0 en una\u00a0 carpeta denominada \u00abCurso blogs\u00bb en el disco Datos de su computadora.<\/span><\/p>\n<p><a href=\"https:\/\/www.ticyeducacion.faud.unsj.edu.ar\/wp-content\/uploads\/2019\/09\/Ejemplos-mapa-de-sitios.pdf\" target=\"_blank\" rel=\"noopener\"><img decoding=\"async\" class=\"size-full wp-image-169 alignleft\" src=\"https:\/\/www.ticyeducacion.faud.unsj.edu.ar\/wp-content\/uploads\/2019\/08\/descargapdf.png\" alt=\"\" width=\"60\" height=\"59\" \/><\/a>Este archivo contiene ejemplos de mapas de sitios que pueden ayudarle para elaborar el de su propio sitio.<\/p>\n<p>&nbsp;<\/p>\n<p><a href=\"https:\/\/www.ticyeducacion.faud.unsj.edu.ar\/wp-content\/uploads\/2019\/09\/para-objetivos-y-prop\u00f3sitos.pdf\" target=\"_blank\" rel=\"noopener\"><img decoding=\"async\" class=\"size-full wp-image-169 alignleft\" src=\"https:\/\/www.ticyeducacion.faud.unsj.edu.ar\/wp-content\/uploads\/2019\/08\/descargapdf.png\" alt=\"\" width=\"60\" height=\"59\" \/><\/a><\/p>\n<p>Este documento ofrece una ayuda para la elaboraci\u00f3n de objetivos y prop\u00f3sitos<\/p>\n<p>&nbsp;<\/p>\n<h2><\/h2>\n<h2>TRABAJO PR\u00c1CTICO 1<\/h2>\n<p>Desde este link puede descargar el archivo de la gu\u00eda del trabajo pr\u00e1ctico 1 que des<a href=\"https:\/\/www.ticyeducacion.faud.unsj.edu.ar\/wp-content\/uploads\/2019\/08\/guia-del-TP1.docx\" target=\"_blank\" rel=\"noopener\"><img decoding=\"async\" class=\"size-full wp-image-167 alignleft\" src=\"https:\/\/www.ticyeducacion.faud.unsj.edu.ar\/wp-content\/uploads\/2019\/08\/descargadocx.png\" alt=\"\" width=\"60\" height=\"60\" \/><\/a>arrollaremos durante la primera clase del curso.\u00a0 Le sugerimos abrirlo y guardar como,\u00a0 en una\u00a0 carpeta denominada \u00abCurso blogs\u00bb en el disco Datos de su computadora.<\/p>\n<hr \/>\n<p>&nbsp;<\/p>\n<hr \/>\n<p>&nbsp;<\/p>\n","protected":false},"excerpt":{"rendered":"<p>TRABAJO PR\u00c1CTICO 4 Desde este link puede descargar el archivo de la gu\u00eda del \u00faltimo \u00a0trabajo pr\u00e1ctico del curso, que desarrollaremos durante la clase del d\u00eda 18 de octubre .\u00a0&#8230; <a href=\"https:\/\/www.ticyeducacion.faud.unsj.edu.ar\/index.php\/guias\/\">Leer m\u00e1s &raquo;<\/a><\/p>\n","protected":false},"author":2,"featured_media":0,"parent":0,"menu_order":0,"comment_status":"closed","ping_status":"closed","template":"","meta":{"_mc_calendar":[],"footnotes":""},"class_list":["post-101","page","type-page","status-publish","hentry"],"_links":{"self":[{"href":"https:\/\/www.ticyeducacion.faud.unsj.edu.ar\/index.php\/wp-json\/wp\/v2\/pages\/101","targetHints":{"allow":["GET"]}}],"collection":[{"href":"https:\/\/www.ticyeducacion.faud.unsj.edu.ar\/index.php\/wp-json\/wp\/v2\/pages"}],"about":[{"href":"https:\/\/www.ticyeducacion.faud.unsj.edu.ar\/index.php\/wp-json\/wp\/v2\/types\/page"}],"author":[{"embeddable":true,"href":"https:\/\/www.ticyeducacion.faud.unsj.edu.ar\/index.php\/wp-json\/wp\/v2\/users\/2"}],"replies":[{"embeddable":true,"href":"https:\/\/www.ticyeducacion.faud.unsj.edu.ar\/index.php\/wp-json\/wp\/v2\/comments?post=101"}],"version-history":[{"count":19,"href":"https:\/\/www.ticyeducacion.faud.unsj.edu.ar\/index.php\/wp-json\/wp\/v2\/pages\/101\/revisions"}],"predecessor-version":[{"id":553,"href":"https:\/\/www.ticyeducacion.faud.unsj.edu.ar\/index.php\/wp-json\/wp\/v2\/pages\/101\/revisions\/553"}],"wp:attachment":[{"href":"https:\/\/www.ticyeducacion.faud.unsj.edu.ar\/index.php\/wp-json\/wp\/v2\/media?parent=101"}],"curies":[{"name":"wp","href":"https:\/\/api.w.org\/{rel}","templated":true}]}}